en 57922 is divided by 4267.
2451
What is the remainder when 100133 is divided by 31845?
4598
Calculate the remainder when 143740 is divided by 71738.
264
What is the remainder when 10439394 is divided by 1522?
1518
What is the remainder when 655641 is divided by 46792?
553
What is the remainder when 2616480 is divided by 2615785?
695
Calculate the remainder when 42351669 is divided by 8.
5
What is the remainder when 61808 is divided by 61460?
348
What is the remainder when 58109057 is divided by 1234?
1231
What is the remainder when 33031164 is divided by 18?
12
Calculate the remainder when 359416 is divided by 21604.
13752
Calculate the remainder when 82874 is divided by 1560.
194
Calculate the remainder when 2424745 is divided by 1464.
361
Calculate the remainder when 50989 is divided by 335.
69
What is the remainder when 407972595 is divided by 1254?
1251
Calculate the remainder when 15750596 is divided by 2174.
2140
Calculate the remainder when 28241367 is divided by 167.
164
What is the remainder when 30036003 is divided by 137?
123
Calculate the remainder when 603663 is divided by 247.
242
Calculate the remainder when 10929962 is divided by 1561412.
78
Calculate the remainder when 72023 is divided by 36010.
3
Calculate the remainder when 1701482 is divided by 195.
107
Calculate the remainder when 162319649 is divided by 265.
259
Calculate the remainder when 207617 is divided by 8846.
4159
What is the remainder when 845353 is divided by 845333?
20
What is the remainder when 2238752 is divided by 279805?
312
What is the remainder when 25085653 is divided by 2565?
2518
What is the remainder when 248727 is divided by 56?
31
What is the remainder when 120535300 is divided by 6596?
6592
What is the remainder when 41499 is divided by 1381?
69
Calculate the remainder when 310377 is divided by 346.
15
Calculate the remainder when 221561 is divided by 1273.
59
What is the remainder when 40871 is divided by 40397?
474
Calculate the remainder when 1810622 is divided by 1916.
2
What is the remainder when 1862560 is divided by 465639?
4
What is the remainder when 70833 is divided by 174?
15
Calculate the remainder when 7430032 is divided by 44.
16
What is the remainder when 1319341 is divided by 27?
13
Calculate the remainder when 51743772 is divided by 519.
510
What is the remainder when 43346132 is divided by 1688?
1668
What is the remainder when 6743253 is divided by 810?
3
Calculate the remainder when 779357 is divided by 1817.
1681
Calculate the remainder when 195936 is divided by 590.
56
Calculate the remainder when 3259720 is divided by 4759.
4564
What is the remainder when 2344 is divided by 2296?
48
What is the remainder when 284207 is divided by 9463?
317
Calculate the remainder when 2444076 is divided by 814672.
60
What is the remainder when 4867481 is divided by 1176?
17
What is the remainder when 22819 is divided by 1206?
1111
What is the remainder when 14283918 is divided by 16?
14
Calculate the remainder when 3097883 is divided by 2573.
2564
What is the remainder when 5566315 is divided by 35454?
37
Calculate the remainder when 55273643 is divided by 18424541.
20
What is the remainder when 583757 is divided by 5292?
1637
Calculate the remainder when 209398 is divided by 16100.
98
Calculate the remainder when 10591920 is divided by 10591640.
280
Calculate the remainder when 307701613 is divided by 5.
3
Calculate the remainder when 3594569 is divided by 38.
35
What is the remainder when 135761 is divided by 124?
105
Calculate the remainder when 5686721 is divided by 825.
821
Calculate the remainder when 1303310 is divided by 217.
8
Calculate the remainder when 566948 is divided by 3780.
3728
Calculate the remainder when 825602 is divided by 5.
2
What is the remainder when 9676500 is divided by 2419113?
48
Calculate the remainder when 129768 is divided by 4472.
80
What is the remainder when 163371366 is divided by 9076187?
0
Calculate the remainder when 1893172 is divided by 145626.
34
What is the remainder when 55272 is divided by 1574?
182
Calculate the remainder when 2027 is divided by 1199.
828
Calculate the remainder when 36431 is divided by 36080.
351
What is the remainder when 256327 is divided by 377?
344
Calculate the remainder when 16665001 is divided by 16.
9
What is the remainder when 76299992 is divided by 99?
98
What is the remainder when 7648408 is divided by 72?
64
Calculate the remainder when 254164 is divided by 254160.
4
Calculate the remainder when 16511079 is divided by 16511077.
2
Calculate the remainder when 40635 is divided by 3725.
3385
What is the remainder when 330661 is divided by 3518?
3487
Calculate the remainder when 117596 is divided by 2267.
1979
What is the remainder when 68158780 is divided by 1699?
1696
What is the remainder when 54296 is divided by 1619?
869
What is the remainder when 81540745 is divided by 23?
18
What is the remainder when 81785892 is divided by 48915?
12
What is the remainder when 4441370 is divided by 2156?
10
What is the remainder when 322292 is divided by 1528?
1412
Calculate the remainder when 531633086 is divided by 9.
8
What is the remainder when 1877022 is divided by 1194?
54
What is the remainder when 4610735 is divided by 241?
164
Calculate the remainder when 5206396 is divided by 209.
206
What is the remainder when 7699218 is divided by 81?
6
Calculate the remainder when 161500 is divided by 6459.
25
What is the remainder when 1235130 is divided by 2979?
1824
What is the remainder when 17037986 is divided by 250?
236
Calculate the remainder when 91264011 is divided by 8296725.
36
Calculate the remainder when 32391762 is divided by 1135.
1132
Calculate the remainder when 10537199 is divided by 2634289.
43
Calculate the remainder when 719457 is divided by 4861.
29
What is the remainder when 131525639 is divided by 18789373?
28
Calculate the remainder when 2273772 is divided by 1825.
1647
What is the remainder when 1812708 is divided by 17?
15
What is the remainder when 2151959 is divided by 920?
79
What is the remainder when 154748 is divided by 358?
92
What is the remainder when 5969311 is divided by 123?
121
What is the remainder when 179726 is divided by 25186?
3424
What is the remainder when 24759406 is divided by 1125425?
56
Calculate the remainder when 27261245 is divided by 2478293.
22
What is the remainder when 844977 is divided by 19?
9
What is the remainder when 506082 is divided by 17447?
119
What is the remainder when 1993621 is divided by 365?
356
Calculate the remainder when 199409337 is divided by 379.
3
What is the remainder when 87618 is divided by 29150?
168
Calculate the remainder when 95299006 is divided by 1462.
1460
What is the remainder when 19485908 is divided by 19485908?
0
What is the remainder when 111170 is divided by 421?
26
What is the remainder when 32529874 is divided by 2848?
18
What is the remainder when 11915 is divided by 1970?
95
Calculate the remainder when 2561831 is divided by 156.
155
Calculate the remainder when 1590 is divided by 986.
604
What is the remainder when 63346 is divided by 347?
192
What is the remainder when 69823130 is divided by 30?
20
What is the remainder when 14830433 is divided by 4123?
2
What is the remainder when 52297389 is divided by 6?
3
What is the remainder when 13061702 is divided by 53531?
138
Calculate the remainder when 36981 is divided by 2978.
1245
What is the remainder when 889241 is divided by 1463?
1200
Calculate the remainder when 16982843 is divided by 2669.
2665
Calculate the remainder when 1695546 is divided by 847456.
634
Calculate the remainder when 2697883 is divided by 449636.
67
Calculate the remainder when 565905 is divided by 6022.
5859
What is the remainder when 2118088 is divided by 329?
315
Calculate the remainder when 1519887 is divided by 48.
15
Calculate the remainder when 68871408 is divided by 292.
288
Calculate the remainder when 96051 is divided by 1311.
348
What is the remainder when 12477243 is divided by 270?
3
What is the remainder when 5910344 is divided by 1339?
1337
Calculate the remainder when 30221329 is divided by 354.
349
Calculate the remainder when 191436875 is divided by 12.
11
Calculate the remainder when 409001 is divided by 67.
33
What is the remainder when 